+ p. Let w(k) = -5*j(k) - 3*x(k). Determine w(-2).
1
Let n(i) = -i**3 + i**2 - i - 4. Suppose 3*t - 4*t = 4*a - 8, 0 = 4*t + 2*a - 4. Suppose t = -s - 2*s. Give n(s).
-4
Let t(i) = -7*i**3 + 2*i**2 + 2*i + 1. Let u(z) = -z - 1. Let v(y) = y. Let d(h) = 5*u(h) + 4*v(h). Let k be d(-4). What is t(k)?
8
Suppose 6*c - 4*n = c - 10, -14 = -c + 4*n. Let j(u) = u + 8. Determine j(c).
2
Let j = -21 + 26. Let h(q) = q + 3. Give h(j).
8
Let o(r) = r**2 + 7*r + 9. Let x be (-125)/(-10)*(-12)/(-10). Let y = -21 + x. Give o(y).
3
Let b(v) = v**2 + 5*v - 2. Let y be b(-5). Let a = 0 + y. Let d(t) = -3*t**2 + t. Let h(g) = -g**2 + g + 1. Let l(o) = -d(o) + h(o). Determine l(a).
9
Let c(n) be the third derivative of n**4/12 - n**3/6 - 14*n**2. Calculate c(3).
5
Let p(y) = -y**3 - 2*y**2 - 4*y - 8. Let d(u) = u**3 + 2*u**2 + 5*u + 9. Let a(j) = 4*d(j) + 5*p(j). Let s be 2 + (1 + -2)*-9. Let c = 8 - s. What is a(c)?
5
Let t(d) = -2*d**3 - 9*d**2 - 7*d - 3. Let c be t(-4). Let g(m) = -m**3 + 10*m**2 - 10*m + 13. Give g(c).
4
Let r(k) be the first derivative of k**2 + 7*k - 6. Determine r(-5).
-3
Let t(u) = u**2 - u - 1. Let y(v) = 2*v**2 - 2*v - 4. Let o(q) = 4*t(q) - y(q). Let h(l) = 3*l**2 + 2*l + 1. Let r be h(-1). Calculate o(r).
4
Let c(z) = 6*z**3 + 2*z**2 + 3*z - 6. Let j(v) = v**3 + v**2 - 1. Let f(s) = -c(s) + 5*j(s). Calculate f(2).
-1
Let r(w) = w + 1. Let z = -5 - -7. Suppose 0 = -5*a + 24 - 9. Suppose -a*h - z + 5 = 0. Give r(h).
2
Let b(q) = -2*q - 10. Suppose -2*s + 88 = -13*s. What is b(s)?
6
Suppose -5*m + 6*m - 9 = 0. Suppose -5*y + 2*y - m = -2*k, -3 = 3*y - 4*k. Let j(d) = -d**2 - 4*d + 2. Determine j(y).
-3
Let d be 87/27 - 4/18. Let p(r) = -2*r + 10*r**2 + 5*r**2 + 4 - 14*r**2. Calculate p(d).
7
Let g(q) = 2 + 9*q - 2 - 2 - 4. Let c(t) = 14*t - 9. Let x(b) = 5*c(b) - 8*g(b). What is x(2)?
-1
Let o(m) be the third derivative of -m**5/60 - 7*m**4/24 - m**3/2 - m**2 - 37. Let c = -20 + 14. Calculate o(c).
3
Let m be (-21)/14*(-4)/(-3). Let f(x) = x. Let v(s) = -s + 1. Let b(h) = m*f(h) - v(h). Give b(3).
-4
Let b(z) be the third derivative of -z**5/60 - z**4/3 - z**3 - 13*z**2. Give b(-8).
-6
Let t(s) = 4*s**3 + 8*s**2 - 5*s - 5. Let x(u) = -9*u**3 - 17*u**2 + 9*u + 9. Suppose p + 0*p = -7. Let z(c) = p*t(c) - 3*x(c). Calculate z(-6).
-4
Let r = -4 - -5. Let o(q) = q - q - 2*q - r + 0. Give o(-2).
3
Let r be 18/5 + 4/10. Let v(x) be the second derivative of x**3/6 - 73*x. Give v(r).
4
Let g(w) = -w**3 + w**2 + 2*w + 2. Let d be g(-2). Suppose -3*a - d + 4 = 0. Let f be a/8 - 18/(-8). Let t(l) = -5*l + 2. Give t(f).
-8
Let x(w) = 5*w - 1. Let j(n) be the first derivative of n**3/3 - 2*n**2 - n + 2. Let m be j(5). Let f = 3 - m. Give x(f).
-6
Let m = -4 + 5. Let y(z) = -2*z + z**2 + 1 - 4 + m. Let v = -5 + 9. Give y(v).
6
Let x(d) = -d**3 + 3*d**2 + d - 4. Let y(f) be the first derivative of f**3/3 - f + 4. Let r be y(2). Calculate x(r).
-1
Let g(y) = 18*y - 6. Let v(m) = 23*m - 7. Let z(n) = -4*g(n) + 3*v(n). Let k be 4 + (-4 - (-4)/2). Give z(k).
-3
Let r(s) = 11*s**3 - 3*s**2 - s + 4. Let m(l) = 12*l**3 - 4*l**2 - l + 5. Let j(a) = -4*m(a) + 5*r(a). Give j(1).
7
Let i(a) be the second derivative of 0*a**2 + 1/120*a**5 + 1/8*a**4 + 1/2*a**3 - 3*a + 0. Let c(n) be the second derivative of i(n). Determine c(4).
7
Let m be (9/6)/((-6)/8). Let j be 4*(0 - m/8). Let s(g) = 2*g - 1. What is s(j)?
1
Let a(b) = -3. Let s(j) = j + 7. Let x(i) = 9*a(i) + 4*s(i). What is x(-1)?
-3
Let b(g) = -7*g**3 + 4*g**2 + g + 9. Let w(j) = -j**3 + j + 1. Let v(i) = b(i) - 6*w(i). Calculate v(3).
-3
Let k(l) be the second derivative of -1/6*l**3 + 4*l - 1/2*l**2 + 0. Give k(-2).
1
Let y be (-2)/(-36)*24/16. Let r(l) be the second derivative of 0 + y*l**4 - 1/6*l**3 + l**2 - 3*l. Calculate r(-2).
8
Let z(i) = 13*i**2 - i. Suppose 6*f + 3 = 9*f. Determine z(f).
12
Let y(b) = -b - 8. Let t(f) = 2*f - 13. Let u be t(4). Give y(u).
-3
Let k(a) = 3*a + 3. Let y = 84 - 90. Give k(y).
-15
Let u(w) = -w**3 + 2*w**2 - 3*w + 3. Let q be u(2). Let a(r) = r**3 + 3*r**2 + r - 2. Give a(q).
-5
Let t(u) = -u**3 - 6*u**2 - u - 4. Suppose -2*q + 5*q - 9 = 0. Suppose 22 = -q*r + r. Let j = r - -5. Calculate t(j).
2
Let o(y) = -y**2 + y. Let z(l) = -20*l**2 + 7*l - 1. Let m(w) = -5*o(w) + z(w). Determine m(1).
-14
Let f(c) = 7*c + 5. Let n(b) = 20*b + 15. Let v(t) = 17*f(t) - 6*n(t). Give v(-4).
-1
Let s(g) = -2*g - 2. Let q be s(-3). Let z(m) = -4 - 2*m - m + 4*m. Give z(q).
0
Let q = -8 + 10. Suppose 0 = -0*u - 2*u - 5*i + 3, 2 = q*i. Let c(v) = 6*v**3 + 2*v**2 - 1. Determine c(u).
-5
Let u(s) = -42*s - 35*s + 76*s. What is u(5)?
-5
Let q be (-1)/(-2) - 7/14. Let f(c) = 6 + 2*c - c**2 + q*c + 0 + 3*c. Let b = -5 + 10. What is f(b)?
6
Let r be (-27)/(-54)*6/(-1). Let h(d) = -d**3 - d**2 + 4*d + 1. Give h(r).
7
Let p(m) = 3*m - 6. Let h(r) = -8*r + 17. Let t(a) = -4*h(a) - 11*p(a). Let l = 15 - 10. Let u(g) = -g**2 + 6*g. Let b be u(l). Give t(b).
-7
Let f(t) be the first derivative of -t**2 - 4*t - 1. Determine f(-6).
8
Let x(a) = 10*a - 5. Let v(z) = 7*z - 3. Let n be 1/(1/(-1)) + 8. Let r(m) = n*v(m) - 5*x(m). Give r(3).
1
Let t = -5 - -7. Let z(y) = 2*y + y**2 + y - 3 - 1 + 0*y**t. Give z(-3).
-4
Let o(y) be the third derivative of -y**4/24 + 2*y**3 - 28*y**2. Determine o(6).
6
Let m(z) = -3*z + 3. Suppose 0*i - i + 7 = 0. Let v = 5 - i. Let d be (-5)/(-3) - v/6. Give m(d).
-3
Let x(y) = 6*y - 1. Let m(h) be the first derivative of 5*h**2/2 - h - 2. Let c(l) = 4*m(l) - 3*x(l). Let o = 4 - 6. Give c(o).
-5
Let o(k) = -7*k - 4. Let r(d) = d**3 - 6*d**2 - 3. Let u be r(6). What is o(u)?
17
Let j(r) = 2*r + 7. Let s be j(-5). Let u = 10 + s. Let w(a) = 5*a + a**3 - u*a**2 - a + 1 + 2*a**2. Give w(3).
-5
Let o be 4/(-18) + (-840)/(-135). Suppose -o*h + 3*h = -9. Let p(y) = y - 1. Give p(h).
2
Let d = -4 + 7. Let h(r) = -7*r**d + r**3 + 7*r**3 + 2*r - 3*r**2 - 2. Determine h(2).
-2
Let d(l) = 0*l + 71 - 69 + 3*l. Let y be d(-2). Let r(u) = -u**2 - 4*u + 4. Determine r(y).
4
Let a = -18 + 20. Let s(w) = 2 - w - 4 - 3 + a. Determine s(-4).
1
Let r(n) = -n**2 + 7*n - 2. Let l be r(6). Suppose 3*i = -5*d - 16, 0*i + l*i = -2*d + 2. Let q(w) = -2*w + 1. Determine q(i).
-5
Let j(d) = -d**3 + d**2 - 2*d - 3. Suppose -2*k + 5 = -3*s, -4*k + s - 17 = 4*s. What is j(k)?
13
Let m(c) = -12 - 11 - 3*c + 24 + c**2. Calculate m(2).
-1
Let x(u) be the first derivative of -u**4/4 + u**3/3 + u**2/2 - u + 9. Calculate x(2).
-3
Let t(u) = -u**2 - 1. Let n be (-1*8/36)/(1/(-9)). Determine t(n).
-5
Let c(k) = 3*k**2 + 21*k + 5. Let s(g) = g**2 + 7*g + 2. Let q(n) = -3*c(n) + 8*s(n). What is q(-8)?
-7
Let r(k) = -4*k - 2. Let n(b) = -b. Let i = -14 + 17. Let d(w) = i*n(w) - r(w). Determine d(-4).
-2
Let q = -8 + 6. Let s(u) = u**3 - 3*u**2 + 1. Let y(i) = -5*i**3 + 11*i**2 + i - 4. Let b(h) = q*y(h) - 9*s(h). Calculate b(-5).
9
Let d(c) = -c**3 - 7*c**2 + 10*c**2 + c + 16*c**2 - 15 - 5*c**2. What is d(14)?
-1
Let j(b) be the first derivative of -3*b**2/2 + b + 5. Calculate j(-1).
4
Suppose -3*o = 220 + 50. Let h be (-2)/7 + o/(-21). Suppose -h*s = 14 - 2. Let w(q) = q**2 + q + 1. What is w(s)?
7
Let m(p) = p + 3. Let l = -12 - -15. What is m(l)?
6
Let z(j) = 8*j**3 + j**2 - j + 1. Let t(f) = -f - 11. Let x be t(-12). Calculate z(x).
9
Let n(w) = 6*w - 25. Let u be n(5). Let s(i) = i - 7. Give s(u).
-2
Let k(q) = q - 2. Suppose 2*j + 2*j - 80 = 0. Suppose t - 6 = 2*t + 3*d, 0 = -4*t - d + j. What is k(t)?
4
Let j be (2 + -3)*(-4)/(-2). Let p(v) be the first derivative of 3*v - 1 + 1/3*v**3 + v**2. Determine p(j).
3
Let q be (5 + -5)/(4*2/4). Let a(f) = -f**3 - f**2 + f + 7. What is a(q)?
7
Let a = -25 + 24. Let x(o) = 7*o**3 + 2*o + 1. Calculate x(a).
-8
Let n(z) = 0*z**3 + 2*z**3 - 2*z - z**2 - z**2. Let p be n(2). Let b(x) = p*x + 0 - 5*x + 1. What is b(-3)?
4
Suppose 3 = -3*k - 9. Let c be ((-26)/39)/(k/(-6)). Let f(q) = -10*q**3 - q**2 - q - 1. Determine f(c).
9
Let v(q) = q**2 - 2*q - 6. Suppose 3*m - 2*m = 10. Let k be 6*(30/9)/5. Suppose 5*g - g - 12 = -k*i, -5*g - m = 0. What is v(i)?
9
Let l be (-339)/(-15) - (-6)/(-10). Suppose -3*g - 4*f = -2*g - l, -2*g + 14 = 2*f. Let m(x) = -x**3 + 3*x**2 - x. Calculate m(g).
2
Let l(o) = 9*o**3 - 5*o**2 + 13*o + 5. Let b(g) = 5*g**3 - 3*g**2 + 7*g + 3. Let v(